. What is the units digit of (-130)/39*t/8?
5
Suppose -4*i + 3*u = -5395, 3*i + 287*u = 288*u + 4050. What is the hundreds digit of i?
3
Let u(y) = -y**2 + 25*y + 16. Let h be u(23). What is the tens digit of 0 + 1 + 0 + (h - -18)?
8
Suppose 3*m = -4*n + 459, 0*n = 3*n - m - 354. Let k be (2 - (3 - -2))*(-282)/(-9). Let f = n + k. What is the units digit of f?
3
Let n be (56/16)/(2/(-12)). What is the tens digit of (n/(-28))/((-3)/(-8)) - -505?
0
Suppose 19541 + 38429 = 5*v + 3*i, 34766 = 3*v + 5*i. What is the thousands digit of v?
1
Suppose 1075*z + 10836 = 1081*z. What is the thousands digit of z?
1
Let k = 47 + -36. Suppose -2*b + 6 = -4*a, -1 = 2*a + 2*b + k. What is the units digit of ((-31)/a)/((-13)/(-39))?
1
Let l = 336 + -318. What is the units digit of (-24)/18 + -4119*(-4)/l?
4
Suppose 4*x + 55*u - 52*u = 31475, 0 = 3*u - 3. What is the tens digit of x?
6
Suppose 0 = 2*v - 2, -37829 = -243*o + 240*o + v. What is the tens digit of o?
1
Let q(b) = -26*b**2 - 7*b - 54. Let z(u) = 53*u**2 + 14*u + 108. Let f(m) = -7*q(m) - 3*z(m). What is the tens digit of f(-6)?
4
What is the hundreds digit of (-2 + 13 - 10)/(4/3660)?
9
Let z = 980 + 340. Suppose 601*f - z = 596*f. What is the tens digit of f?
6
Let h(z) = 5*z**2 + 8*z - 8. Suppose -2*x - 4*k + 12 = 0, 5*x + 3*k = 4*k - 25. What is the units digit of h(x)?
0
Let g(n) = -n**3 - 20*n**2 + 75*n - 57. Let d be g(-24). Suppose d + 4977 = 6*j. What is the hundreds digit of j?
9
Let o(j) = -j. Let p(k) = -1 + 0 + 0 + 0. Let h(x) = -3*o(x) + 6*p(x). What is the units digit of h(13)?
3
Suppose 5*d = 1 - 6. Let u be (d - (-4 + 4)) + 157. Let g = -109 + u. What is the tens digit of g?
4
Suppose 4*u - 14*u + 320 = 0. What is the units digit of (-32)/u - 1*-398?
7
What is the units digit of 48/((-184)/(-23)) - (-3599 + -1)?
6
Let s be -168 - (-1)/2*(0 - 4). Let z = -35 - s. Let u = z + -62. What is the tens digit of u?
7
Let w(a) = -64*a**2 - 63*a**2 - 7*a - 86 + 130*a**2. What is the hundreds digit of w(-9)?
2
Suppose 0*l - 10*l = 660. What is the tens digit of (-36)/7*11319/l?
8
Suppose 0 = -4*w + 170 - 150. Suppose -3*o = -a + 1047, -w*a - 24*o + 26*o = -5261. What is the thousands digit of a?
1
Let y = -129460 + 192845. What is the tens digit of y?
8
Let c be 39 + 14/6*3. Let t = 1 + -1. Suppose b - 2*b + c = t. What is the units digit of b?
6
Let m = -6688 - -18352. Suppose -t = 15*t - m. What is the units digit of t?
9
Let x(a) = a**3 + 24*a**2 + 5. Let b(n) = -n**2 + 1. Let t(f) = 5*b(f) + x(f). Let z be t(-19). What is the tens digit of -1 + z/8 + 9303/84?
1
Suppose -16115*c + 16102*c + 414063 = 0. What is the ten thousands digit of c?
3
Let w(t) be the second derivative of 70*t**3/3 - 115*t**2 + t + 77. What is the tens digit of w(10)?
7
Suppose 5*y - 144 + 104 = 0. Suppose y*s - 8268 = -2140. What is the units digit of s?
6
What is the tens digit of 13520322/236 - 10/(-4)?
9
Let c(d) = -2*d + 1. Let b(w) = -11*w - 42. Let x(r) = -b(r) - 6*c(r). What is the units digit of x(26)?
4
Let s be (-7)/(105/20)*-6. What is the tens digit of 1338/(s/32*3)?
8
What is the units digit of ((-2276)/(-10))/(20 - 2990/150)?
4
Let t = 510 + -303. Suppose r - 6 = l + 51, 4*r + 3*l - t = 0. What is the tens digit of r?
5
Let b be (-15)/(((-6)/4)/(-3)). Let l be (20/15 + -2)*b. Suppose 3*k - 317 = -2*m, -l = 3*m - 8*m. What is the tens digit of k?
0
Let s = -232 + 411. Suppose -4*y = s + 1109. Let j = 568 + y. What is the tens digit of j?
4
Suppose -5*z = -3*o + 2, -3*o = 2*o - 2*z + 22. Let a(v) = 3*v + 2. Let h(d) = -d - 1. Let p(s) = a(s) + 6*h(s). What is the units digit of p(o)?
4
Suppose -12*d = 92*d - 366600. What is the units digit of d?
5
Let c(o) = 2*o**3 + 74*o**2 + 72*o + 2. Let a be c(-36). Suppose -5*v + 2421 = -2*r, 1546 = 3*v + a*r + 87. What is the units digit of v?
5
Let m(t) = 2*t**3 + 11*t**2 - 20*t + 186. What is the hundreds digit of m(14)?
5
Let i(p) = 5057*p - 185. What is the thousands digit of i(2)?
9
Suppose -455881 = -52*u - 43261. What is the thousands digit of u?
7
Let v = 6316 + -3607. What is the units digit of v?
9
Suppose 3*w + f = -22, -4*w + 5*f - 53 + 11 = 0. Let u be (2056/w + 2)*(1 - 0). Let j = 456 + u. What is the tens digit of j?
0
Let t = 1651 - -1031. Suppose -14*m + t = -7076. What is the tens digit of m?
9
Let j(t) = -636*t**3 - 21 + 11*t**2 + 317*t**3 + 320*t**3 + 6*t + 6. Suppose b - 2*b - 8 = 0. What is the units digit of j(b)?
9
What is the ten thousands digit of (1650/(-165) - 7325/3)*-21?
5
Suppose -8*w - 8547 = -5*k + 6716, 2*w + 2 = 0. What is the units digit of k?
1
What is the units digit of 49501 - (1 - (-11 + 5 + -5))?
9
Let d(p) = -96*p + 129. Let r be d(13). Let q = r - -2074. What is the hundreds digit of q?
9
Let z(o) = -o**2 - 19*o + 18. Suppose 85 = -4*l + x, -3*l - 3*x - 29 = 16. Let y be z(l). What is the units digit of (1 - (1 + 99/y))*2?
9
Let h be (6 - 0 - 4) + -1. Let z be (-725)/h - (-9)/(-3). What is the units digit of (z/(-7))/(6/3)?
2
Let d be 20 + -17 + 0/1. Suppose 0 = -3*m + 4*s + 1073, 0 = -2*s - d*s - 25. What is the tens digit of m?
5
Suppose -11*c = -13381 + 4504. Let o = c - -821. What is the tens digit of o?
2
Suppose 2*h + 8 = 4*h. Suppose 0 = -0*g - g - 2*s + 784, 0 = -h*g - s + 3101. What is the hundreds digit of g?
7
Let d(s) = 3*s - 58. Let m(n) = n + 27. Let k be m(-7). Let x be d(k). Suppose -4 = 3*i - 7*i, 243 = x*w - 3*i. What is the units digit of w?
3
Let i(z) = -12*z + 10. Let j(b) = -6*b + 5. Let g(m) = m**3 + 6*m**2 + 3*m - 8. Let w be g(-5). Let q(h) = w*i(h) - 5*j(h). What is the units digit of q(9)?
9
Let z(y) = -y**2 + 4. Let p be z(2). Suppose -5*n + 1112 - 182 = p. Suppose -183*l - 657 = -n*l. What is the hundreds digit of l?
2
Suppose -50*n + 420 = -30*n. Suppose -n*j + 34*j = 17082. What is the tens digit of j?
1
Let w = -817 - -817. Suppose 0 = n - 3, 4*u + 2*n + w*n = 5338. What is the hundreds digit of u?
3
Suppose -2*j + 23 = -7*w + 2*w, -3*w = 2*j + 1. Suppose 0 = j*l - 2*l - 8. Suppose 5*c = -0*c - 25, l*q + 2*c = 394. What is the hundreds digit of q?
1
Let n be 16*3/21 - (-74)/(-259). Suppose 3*h - 2400 = -4*k, -n*h + 3086 = 4*k + 690. What is the hundreds digit of k?
5
Suppose 0 = -9*f + 12*f - 10179. Suppose -f = 18*m - 27*m. What is the hundreds digit of m?
3
What is the hundreds digit of -7 - (-8652 - (1 - -1))?
6
What is the hundreds digit of 6 - 13 - -9165 - -5*(-4 - -3)?
1
Suppose -2*z - q + 8 + 6 = 0, 3*q = -3*z + 27. Suppose z*s - 3*f - 1279 = 0, 5*f - 71 - 196 = -s. What is the units digit of s?
7
Let u be 2/(-13) - (-312030)/195. Suppose 0 = 6*i - 2*i - u. What is the tens digit of i?
0
Let q = -10371 - -16771. What is the tens digit of q?
0
Let k(v) = 2*v**3 + 24*v**2 - 3*v + 2. Let p be k(-12). What is the hundreds digit of ((-2033)/p)/(2/(-8))?
2
Let h = 12790 - 7350. What is the hundreds digit of h?
4
Suppose 17*g + 33*g - 200 = 0. Suppose -151 = 5*b + w - 2446, g*w = 5*b - 2270. What is the units digit of b?
8
Let g = -45 + 47. Suppose 4*p + 3*v - 303 = 0, -3*p + 226 = -0*v + g*v. Suppose -5*t - p = -11*t. What is the units digit of t?
2
Let y = -1767 - -989. What is the hundreds digit of 5*(1 + -2 + y/(-5))?
7
Let z be (-1)/(-2)*(-4602)/3. Let l = z - -1528. What is the tens digit of l?
6
Suppose -90*g = -925985 + 10505. What is the hundreds digit of g?
1
Suppose 16*t - 4*q = 21*t - 3020, -25 = -5*q. Suppose 2*o = -c + 532 + 47, 0 = -c + 5*o + t. What is the tens digit of c?
8
Let u = 4289 - 2894. Suppose -p = m - 465, -m = 2*m - 2*p - u. Let h = m + -158. What is the hundreds digit of h?
3
What is the ten thousands digit of 32771/(27/(-108)*-2)?
6
Suppose 7*y + 28*y - 176750 = 0. What is the thousands digit of y?
5
Let l be -1*(913 + 0/9). Let z = 2322 + l. What is the thousands digit of z?
1
Let c(u) = 24*u**2 + 9*u - 80. Let l be c(11). Let t = l - 1612. What is the tens digit of t?
1
Let m(o) = o**2 + 13*o + 1. Let h(q) = 4*q - 16. Let f be h(7). What is the hundreds digit of m(f)?
3
Let x = 3219 + -973. What is the tens digit of x?
4
Let s = 6 - 3. Suppose 400 = -4*i + 9*i + 5*w, -5*i - s*w + 402 = 0. What is the tens digit of i?
8
Let l = -92827 - -140510. What is the hundreds digit of l?
6
Let u(i) = 223*i + 1340. Let n be u(-6). Suppose 0*x + 4*r = 5*x - 4, -2*x - r = 